{"id":15746,"date":"2018-04-11T19:42:16","date_gmt":"2018-04-11T17:42:16","guid":{"rendered":"http:\/\/test.graswurzel.net\/gwr\/?page_id=15746"},"modified":"2023-12-07T22:23:14","modified_gmt":"2023-12-07T20:23:14","slug":"bestellbedingungen","status":"publish","type":"page","link":"https:\/\/www.graswurzel.net\/gwr\/buchverlag\/bestellbedingungen\/","title":{"rendered":"Bestellung von B\u00fcchern"},"content":{"rendered":"<h3>Versandkosten<\/h3>\n<p>Zus\u00e4tzlich zum Warenwert berechnen wir die tats\u00e4chlich anfallenden Portokosten. Versand und Rechnungsstellung erfolgen durch <a href=\"https:\/\/www.werkstatt-auslieferung.de\/\">Die Werkstatt Verlagsauslieferung GmbH<\/a><\/p>\n<h3>Bezahlung<\/h3>\n<p>Du erh\u00e4ltst nach der Bestellung eine Rechnung. Bitte \u00fcberweise den Gesamtbetrag innerhalb von 14 Tagen auf das dort angegebene Konto.<\/p>\n","protected":false},"excerpt":{"rendered":"<p>Versandkosten Zus\u00e4tzlich zum Warenwert berechnen wir die tats\u00e4chlich anfallenden Portokosten. Versand und Rechnungsstellung erfolgen durch Die Werkstatt Verlagsauslieferung GmbH Bezahlung Du erh\u00e4ltst nach der Bestellung eine Rechnung. Bitte \u00fcberweise den Gesamtbetrag innerhalb von 14 Tagen auf das dort angegebene Konto.<\/p>\n","protected":false},"author":1,"featured_media":0,"parent":2240,"menu_order":0,"comment_status":"closed","ping_status":"closed","template":"","meta":{"slim_seo":{"title":"Bestellung von B\u00fcchern - graswurzelrevolution","description":"Versandkosten Zus\u00e4tzlich zum Warenwert berechnen wir die tats\u00e4chlich anfallenden Portokosten. Versand und Rechnungsstellung erfolgen durch Die Werkstatt Verlags"},"footnotes":""},"class_list":["post-15746","page","type-page","status-publish","hentry"],"_links":{"self":[{"href":"https:\/\/www.graswurzel.net\/gwr\/wp-json\/wp\/v2\/pages\/15746","targetHints":{"allow":["GET"]}}],"collection":[{"href":"https:\/\/www.graswurzel.net\/gwr\/wp-json\/wp\/v2\/pages"}],"about":[{"href":"https:\/\/www.graswurzel.net\/gwr\/wp-json\/wp\/v2\/types\/page"}],"author":[{"embeddable":true,"href":"https:\/\/www.graswurzel.net\/gwr\/wp-json\/wp\/v2\/users\/1"}],"replies":[{"embeddable":true,"href":"https:\/\/www.graswurzel.net\/gwr\/wp-json\/wp\/v2\/comments?post=15746"}],"version-history":[{"count":0,"href":"https:\/\/www.graswurzel.net\/gwr\/wp-json\/wp\/v2\/pages\/15746\/revisions"}],"up":[{"embeddable":true,"href":"https:\/\/www.graswurzel.net\/gwr\/wp-json\/wp\/v2\/pages\/2240"}],"wp:attachment":[{"href":"https:\/\/www.graswurzel.net\/gwr\/wp-json\/wp\/v2\/media?parent=15746"}],"curies":[{"name":"wp","href":"https:\/\/api.w.org\/{rel}","templated":true}]}}