{"id":25132,"date":"2021-05-14T14:19:01","date_gmt":"2021-05-14T12:19:01","guid":{"rendered":"https:\/\/www.graswurzel.net\/gwr\/?page_id=25132"},"modified":"2025-02-09T11:17:15","modified_gmt":"2025-02-09T09:17:15","slug":"leitfaden-fuer-autorinnen","status":"publish","type":"page","link":"https:\/\/www.graswurzel.net\/gwr\/mitarbeit\/leitfaden-fuer-autorinnen\/","title":{"rendered":"Leitfaden f\u00fcr Autor*innen"},"content":{"rendered":"<p align=\"justify\"><a href=\"https:\/\/www.graswurzel.net\/gwr\/wp-content\/uploads\/2021\/05\/Leitfaden_fuer_GWR_AutorInnen.pdf\">Leitfaden f\u00fcr GWR Autor*innen.pdf<\/a><\/p>\n<h5 align=\"justify\">Texte<\/h5>\n<p align=\"justify\">Ob Kommentare, Analysen, Reportagen, Interviews oder Rezensionen \u2013 die GWR freut sich \u00fcber neue Texte, die den Kern unseres Projektes ausmachen. Wir versuchen, jede Ausgabe mit mehreren Schwerpunkten zu planen, so dass eine m\u00f6glichst gro\u00dfe Themenvielfalt in der GWR pr\u00e4sentiert wird. Wir finden es wichtig, auch l\u00e4ngeren analytischen Texten Raum zu geben, sofern sie gut recherchiert und von hoher sozialer Bedeutung sind. Solche Texte unterscheiden die GWR von anderen Zeitungen. Manche Texte m\u00fcssen wir f\u00fcr die Druckausgabe k\u00fcrzen, stellen aber die vollst\u00e4ndige Fassung online auf <a href=\"http:\/\/www.graswurzel.net\">graswurzel.net<\/a>. Diese L\u00f6sung l\u00e4sst Raum f\u00fcr weitere Texte, Bilder und andere grafische Elemente. So k\u00f6nnen wir eine m\u00f6glichst gro\u00dfe Themenvielfalt gew\u00e4hrleisten.<\/p>\n<p align=\"justify\">Wir freuen uns auf neue Autor*innen, denn sie tragen zur Vielfalt der Perspektiven in der GWR bei. Die Graswurzelrevolution m\u00f6chte die Vielfalt, die Entwicklung und den lebendigen Charakter sozialer Bewegungen widerspiegeln \u2013 immer mit dem gewaltfreien Anarchismus als Bezugspunkt.<\/p>\n<h5 align=\"justify\">Themen<\/h5>\n<p align=\"justify\">Die Artikel sollten sich inhaltlich an der programmatischen Ausrichtung unserer Zeitung orientieren oder zumindest nicht im Widerspruch zu ihr stehen:<\/p>\n<p style=\"padding-left: 40px;\" align=\"justify\"><em>Graswurzelrevolution bezeichnet eine tiefgreifende gesellschaftliche Umw\u00e4lzung, in der durch Macht von unten alle Formen von Gewalt und Herrschaft abgeschafft werden sollen. Wir k\u00e4mpfen f\u00fcr eine Welt, in der die Menschen nicht l\u00e4nger wegen ihres Geschlechtes oder ihrer geschlechtlichen Orientierung, ihrer Sprache, Herkunft, \u00dcberzeugung, wegen einer Behinderung, aufgrund rassistischer oder antisemitischer Vorurteile diskriminiert und benachteiligt werden. Wir streben an, dass Hierarchie und Kapitalismus durch eine selbstorganisierte, sozialistische Wirtschaftsordnung und der Staat durch eine f\u00f6deralistische, basisdemokratische Gesellschaft ersetzt werden. Schwerpunkte unserer Arbeit lagen bisher in den Bereichen Antimilitarismus und \u00d6kologie. Unsere Ziele sollen \u2013 soweit es geht \u2013 in unseren Kampf- und Organisationsformen vorweggenommen und zur Anwendung gebracht werden. Um Herrschafts- und Gewaltstrukturen zur\u00fcckzudr\u00e4ngen und zu zerst\u00f6ren, setzen wir gewaltfreie Aktionsformen ein. In diesem Sinne bem\u00fcht sich die anarchistische Zeitung Graswurzelrevolution seit 1972, Theorie und Praxis der gewaltfreien Revolution zu verbreiten und weiterzuentwickeln.<\/em><\/p>\n<p align=\"justify\"><span lang=\"de-DE\">Wenn Ihr einen Artikel geschrieben habt, der zur Ausrichtung der GWR passt und noch nicht anderswo ver\u00f6ffentlicht wurde, schickt ihn an <\/span><span lang=\"zxx\"><a href=\"mailto:redaktion@graswurzel.net\"><span lang=\"de-DE\">redaktion@graswurzel.net<\/span><\/a><\/span>. Wenn Ihr eine Idee f\u00fcr einen Artikel habt und nicht sicher seid, ob er zur GWR passen wird, fragt einfach bei der GWR-Redaktion nach.<\/p>\n<h5 align=\"justify\">Textformat<\/h5>\n<p lang=\"en-US\" align=\"justify\"><span lang=\"de-DE\">Die Artikel in der GWR sind idealerweise 5.000 \u201310.000 Zeichen lang und sollen nicht l\u00e4nger als 20.000 Zeichen lang sein. (Rezensionen haben meistens bis 5.000 Zeichen.) Falls die Texte zu lang sind, werden sie nach Absprache mit dem\/der Autor\/in gek\u00fcrzt. Es kann sein, dass die k\u00fcrzere Fassung in der Zeitung abgedruckt wird und die l\u00e4ngere bzw. urspr\u00fcngliche Fassung dann online auf <\/span><span lang=\"zxx\"><a href=\"http:\/\/www.graswurzel.net\/\"><span lang=\"de-DE\">www.graswurzel.net<\/span><\/a><\/span> erscheint.<\/p>\n<p style=\"padding-left: 40px;\" align=\"justify\">Schrift: Times New Roman\/Arial<\/p>\n<p style=\"padding-left: 40px;\" align=\"justify\">Schriftgr\u00f6\u00dfe: 12 Pkt.\/Arial 10 Pkt.<\/p>\n<p align=\"justify\">Das Dokument bitte als doc, docx, odt oder rtf speichern. (Bitte keine PDFs!)<\/p>\n<h5 align=\"justify\">Textgestaltung<\/h5>\n<p align=\"justify\">Der Text sollte neben Titel und Untertitel nach M\u00f6glichkeit <em>Zwischentitel<\/em> beinhalten. Das wirkt lesefreundlich und f\u00fcr unsere Leser*innen einladend. So k\u00f6nnen wir auch unser Layout weniger \u201ebleiw\u00fcstig\u201c gestalten.<\/p>\n<p align=\"justify\">Au\u00dferdem sollte der Text einen kurzen <em>Vorspann<\/em> haben, aus dem die Leser*innen ersehen k\u00f6nnen, worum es in dem Artikel geht.<\/p>\n<p align=\"justify\"><em>Fu\u00dfnoten<\/em> bitte manuell eingeben und am Ende des Textes als Anmerkungen in entsprechender Reihenfolge: (1)&#8230; (2)&#8230; (3)&#8230; auflisten. (Ein Beispiel findet Ihr am Ende dieses Textes: <a href=\"https:\/\/www.graswurzel.net\/gwr\/2021\/04\/das-maerchen-vom-lockdown\/\">www.graswurzel.net\/gwr\/2021\/04\/das-maerchen-vom-lockdown\/<\/a>)<\/p>\n<h5 align=\"justify\">Punchlines<\/h5>\n<p align=\"justify\">Punchlines sind Zitate aus dem Artikel, die im Layout des Textes hervorgehoben werden und zum Lesen einladen sollen. Wir freuen uns, wenn Ihr uns zusammen mit Euren Artikeln auch Vorschl\u00e4ge f\u00fcr Punchlines zusendet.<\/p>\n<h5 align=\"justify\">Gendern<\/h5>\n<p align=\"justify\">Es ist uns wichtig, dass die Sprache der Texte gendergerecht ist. Aber wie in den Texten gegendert wird \u2013 mit Sternchen, mit Doppelpunkt oder z.B. mit Unterstrich\u2013 \u00fcberlassen wir den Autor*innen.<\/p>\n<h5 align=\"justify\">Redaktionsschluss<\/h5>\n<p lang=\"en-US\" align=\"justify\"><span lang=\"de-DE\">Der Redaktionsschluss ist meist am 10. eines Monats. Abweichende Termine k\u00f6nnt Ihr gerne bei der Redaktion erfragen: <\/span><span lang=\"zxx\"><a href=\"mailto:redaktion@graswurzel.net\"><span lang=\"de-DE\">redaktion@graswurzel.net<\/span><\/a><\/span><\/p>\n<p lang=\"en-US\" align=\"justify\">Der n\u00e4chste Redaktionsschluss ist:<\/p>\n<ul>\n<li lang=\"en-US\"><\/li>\n<\/ul>\n<p align=\"justify\">Jedes Jahr erscheinen 10 GWR-Ausgaben. Im Juni (teilweise) und Juli hat die Redaktion eine Sommerpause.<\/p>\n<h5 align=\"justify\">Ver\u00f6ffentlichungsprozess<\/h5>\n<p align=\"justify\">\u00dcber die Ver\u00f6ffentlichungen entscheidet der GWR-Herausgeber*innen-Kreis im Konsens. Es kann sein, dass ein Artikel, der mit der Redaktion abgesprochen wurde, durch ein Veto aus dem Herausgeber*innen-Kreis abgelehnt wird. In diesem Fall bekommt Ihr eine Begr\u00fcndung daf\u00fcr.<\/p>\n<p align=\"justify\">Grunds\u00e4tzlich erscheinen in der GWR nur Erstver\u00f6ffentlichungen. Falls Euer Text bereits woanders ver\u00f6ffentlicht wurde, werden wir ihn nicht abdrucken. Diese Regel gilt auch f\u00fcr Texte, die bereits im Internet erschienen sind.<\/p>\n<p align=\"justify\">Bei allen Artikeln, die wir bekommen, werden sprachliche und inhaltliche <em>Korrekturen<\/em> durchgef\u00fchrt. Das Dokument wird dann im Korrekturmodus an den*die Autoren*in zur\u00fcckgeschickt, der*die diese \u00c4nderungen akzeptieren oder verwerfen kann. Eventuelle Korrekturen bzw. \u00c4nderungen werden in Absprache mit dem*der Autor*in vorgenommen. Auf diese Weise werden die Autor*innen in die Herausgabe der Zeitung einbezogen.<\/p>\n<p align=\"justify\">Bevor die Zeitung an die Druckerei geschickt wird, werden Druckfahnen an unsere Autor*innen geschickt, so dass sie ein letztes mal schauen k\u00f6nnen, ob sie mit der Druckfassung ihres Textes einverstanden sind oder ob sich vielleicht noch Fehler beim Satz eingeschlichen haben.<\/p>\n<p align=\"justify\">Diese aufw\u00e4ndige Zusammenarbeit mit unseren Autor*innen hat sich bew\u00e4hrt und zur Qualit\u00e4t der Artikel beigetragen. Sie ist die Basis f\u00fcr eine gute, oft langj\u00e4hrige Zusammenarbeit mit unseren Autor*innen und macht die Graswurzelrevolution einzigartig.<\/p>\n<h5 align=\"justify\">Internet<\/h5>\n<p lang=\"en-US\" align=\"justify\"><span lang=\"de-DE\">Alle Texte werden nicht nur in der Zeitung abgedruckt, sondern erscheinen nach und nach auf unserer Webseite <\/span><span lang=\"zxx\"><a href=\"http:\/\/www.graswurzel.net\/\"><span lang=\"de-DE\">www.graswurzel.net<\/span><\/a><\/span> und werden \u00fcber Soziale Medien wie z.B. Facebook geteilt.<\/p>\n<h5 align=\"justify\">Honorar<\/h5>\n<p align=\"justify\">Die Graswurzelrevolution kann weder f\u00fcr Bilder noch f\u00fcr Artikel ein Honorar zahlen.<\/p>\n<h5 align=\"justify\">Bildmaterial<\/h5>\n<p align=\"justify\">In der Redaktion und im Herausgeber*innen-Kreis diskutieren wir nicht nur \u00fcber die Texte, sondern auch \u00fcber die Fotos, Bilder und Grafiken. Die Seitenplanung jeder Ausgabe ist nicht nur vom jeweiligen Schwerpunkt, sondern auch von dem verf\u00fcgbaren Bildmaterial abh\u00e4ngig. Dies geh\u00f6rt einfach zusammen. Wir freuen uns, wenn unsere Autor*innen aktiv zur Gestaltung der GWR beitragen.<\/p>\n<h5 align=\"justify\">Fotos\/Zeichnungen\/Grafiken<\/h5>\n<p align=\"justify\">Unsere Autor*innen k\u00f6nnen uns gerne die zu ihrem Artikel passenden Fotos, Bilder oder Graphiken schicken. Die Fotos sollten idealerweise eine Aufl\u00f6sung von 300 dpi haben (im Zweifel die gr\u00f6\u00dfte Bilddatei schicken, also unbearbeitet aus der Kamera oder dem Handy). Bitte die Bilder sinnvoll umbenennen (z.B. \u201eArtikel XY \u2013 Foto1.jpg\u201c statt \u201eImg3456.jpg\u201c). Bitte als Einzeldateien schicken und nicht in Textdokumente einbetten. Zu den Fotos brauchen wir einen Bildtext, also die Information, was auf dem Foto zu sehen ist. Es k\u00f6nnen z.B. Ort, Datum und Anlass als Bildtext dienen. Besonders wichtig ist der Quellen-Nachweis. (Name des\/der Fotograf*in; Quelle und Lizenz). Nur so d\u00fcrfen wir die Fotos in unserer Zeitung ohne juristische Probleme und\/oder finanzielle Forderungen Dritter abdrucken und f\u00fcr unsere Webseite verwenden. Wenn Ihr selbst die Fotos gemacht habt, gebt uns bitte das Einverst\u00e4ndnis zur Ver\u00f6ffentlichung.<\/p>\n<p class=\"western\" lang=\"en-US\" align=\"justify\"><span lang=\"de-DE\">Wir freuen uns auf Euer Engagement! Falls Ihr weitere Fragen zur Zusammenarbeit habt, schreibt uns einfach an: <\/span><span lang=\"zxx\"><a href=\"mailto:redaktion@graswurzel.net\"><span lang=\"de-DE\">redaktion@graswurzel.net<\/span><\/a><\/span><\/p>\n","protected":false},"excerpt":{"rendered":"<p>Leitfaden f\u00fcr GWR Autor*innen.pdf Texte Ob Kommentare, Analysen, Reportagen, Interviews oder Rezensionen \u2013 die GWR freut sich \u00fcber neue Texte, die den Kern unseres Projektes ausmachen. Wir versuchen, jede Ausgabe mit mehreren Schwerpunkten zu planen, so dass eine m\u00f6glichst gro\u00dfe Themenvielfalt in der GWR pr\u00e4sentiert wird. Wir finden es wichtig, auch l\u00e4ngeren analytischen Texten Raum &hellip; <a href=\"https:\/\/www.graswurzel.net\/gwr\/mitarbeit\/leitfaden-fuer-autorinnen\/\">Weiterlesen<\/a><\/p>\n","protected":false},"author":502,"featured_media":0,"parent":25127,"menu_order":0,"comment_status":"closed","ping_status":"closed","template":"","meta":{"slim_seo":{"title":"Leitfaden f\u00fcr Autor*innen - graswurzelrevolution","description":"Leitfaden f\u00fcr GWR Autor*innen.pdf Texte Ob Kommentare, Analysen, Reportagen, Interviews oder Rezensionen \u2013 die GWR freut sich \u00fcber neue Texte, die den Kern unse"},"footnotes":""},"class_list":["post-25132","page","type-page","status-publish","hentry"],"_links":{"self":[{"href":"https:\/\/www.graswurzel.net\/gwr\/wp-json\/wp\/v2\/pages\/25132","targetHints":{"allow":["GET"]}}],"collection":[{"href":"https:\/\/www.graswurzel.net\/gwr\/wp-json\/wp\/v2\/pages"}],"about":[{"href":"https:\/\/www.graswurzel.net\/gwr\/wp-json\/wp\/v2\/types\/page"}],"author":[{"embeddable":true,"href":"https:\/\/www.graswurzel.net\/gwr\/wp-json\/wp\/v2\/users\/502"}],"replies":[{"embeddable":true,"href":"https:\/\/www.graswurzel.net\/gwr\/wp-json\/wp\/v2\/comments?post=25132"}],"version-history":[{"count":2,"href":"https:\/\/www.graswurzel.net\/gwr\/wp-json\/wp\/v2\/pages\/25132\/revisions"}],"predecessor-version":[{"id":32277,"href":"https:\/\/www.graswurzel.net\/gwr\/wp-json\/wp\/v2\/pages\/25132\/revisions\/32277"}],"up":[{"embeddable":true,"href":"https:\/\/www.graswurzel.net\/gwr\/wp-json\/wp\/v2\/pages\/25127"}],"wp:attachment":[{"href":"https:\/\/www.graswurzel.net\/gwr\/wp-json\/wp\/v2\/media?parent=25132"}],"curies":[{"name":"wp","href":"https:\/\/api.w.org\/{rel}","templated":true}]}}