{"id":15650,"date":"2009-05-17T17:54:20","date_gmt":"2009-05-17T15:54:20","guid":{"rendered":"http:\/\/test.graswurzel.net\/gwr\/produkt\/beschreibung-und-verortung-zweier-ueberverbandlicher-jugendtreffen-junger-jugendbewegungen\/"},"modified":"2022-10-14T19:01:08","modified_gmt":"2022-10-14T17:01:08","slug":"beschreibung-und-verortung-zweier-ueberverbandlicher-jugendtreffen-junger-jugendbewegungen","status":"publish","type":"product","link":"https:\/\/www.graswurzel.net\/gwr\/produkt\/beschreibung-und-verortung-zweier-ueberverbandlicher-jugendtreffen-junger-jugendbewegungen\/","title":{"rendered":"Beschreibung und Verortung zweier \u00fcberverbandlicher Jugendtreffen junger Jugendbewegungen"},"content":{"rendered":"<p>Karsten Schulz<br \/>\n<b>Beschreibung und Verortung zweier \u00fcberverbandlicher Jugentreffen junger Jugendbewegungen\u00a0<\/b><br \/>\nUmweltfestival AufTakt vom 28.07.- 01.08.1993 in Magdeburg und Erster Freideutscher Jugendtag am 11. und 12.10.1913 auf dem Berg Mei\u00dfner<\/p>\n<p>ISBN: 978-3-88713-058-9<br \/>\nPaperback, 221 S. &#8211; 24,0 x 17,0 cm, 2009<\/p>\n<p>&#8222;[Auftakt] soll eine \u00e4hnliche Wirkung haben wie das Treffen auf dem Hohen Mei\u00dfner, mit dem sich dreizehn Verb\u00e4nde zur deutschen Jugendbewegung zusammen schlossen. Auch sie standen der Welt der Erwachsenen kritisch gegen\u00fcber, und auch sie k\u00e4mpften f\u00fcr soziale, politische und p\u00e4dagogische Ideen.&#8220;<\/p>\n<p>Dies schrieb der Zukunftsforscher Robert Jungk als Schirmherr f\u00fcr AufTakt 1993, dem Festival der Jugendumweltbewegung und gab ihr eine Bedeutung, die AufTakt in vieler Hinsicht erf\u00fcllte.<\/p>\n<p>Auf dem Mei\u00dfner traf sich die Jugend 1913 zum Ersten Freideutschen Jugendtag in eigener Verantwortung, selbst bestimmt, f\u00fcr einen nat\u00fcrlichen und gesunden Lebensstil und teilweiser Technikkritik in Unterscheidung von der Erwachsenenwelt.<\/p>\n<p>AufTakt 1993 wurde von Aktivisten der Jugendumweltbewegung vorbereitet und organisiert. Die Medien waren voll von Berichten \u00fcber die Gefahren f\u00fcr Natur und Umwelt weltweit. Regierungen reagierten jedoch gar nicht oder nicht angemessen. AufTakt mit Sternradtouren zum Festival in Magdeburg sollte AufTakt zu einem neuen Lebensstil sein. Es sollte nachhaltige Auswirkungen auf die Gesellschaft \u00fcber die Grenzen Deutschlands hinaus haben.<\/p>\n<p>Der Autor untersucht und beschreibt Vorbereitung und Organisierung dieser beiden Jugendveranstaltungen, Gemeinsamkeiten und Unterschiede, Motivationen, Ideen, Visionen und Ziele.<\/p>\n","protected":false},"excerpt":{"rendered":"<p>Dieses Buch wurde \u00fcbernommen aus dem ehemaligen Verlag <em>Weber, Zucht &amp; Co. <\/em>Mehr dazu:\u00a0<a href=\"https:\/\/www.graswurzel.net\/gwr\/weber-zucht-co-im-verlag-graswurzelrevolution\/\">Weber, Zucht &amp; Co &#8211; Eine W\u00fcrdigung<\/a><\/p>\n","protected":false},"featured_media":16741,"template":"","meta":{"slim_seo":{"title":"Beschreibung und Verortung zweier \u00fcberverbandlicher Jugendtreffen junger Jugendbewegungen - graswurzelrevolution","description":"Dieses Buch wurde \u00fcbernommen aus dem ehemaligen Verlag Weber, Zucht &amp; Co. Mehr dazu:\u00a0 Weber, Zucht &amp; Co - Eine W\u00fcrdigung"}},"product_brand":[],"product_cat":[921],"product_tag":[],"class_list":{"0":"post-15650","1":"product","2":"type-product","3":"status-publish","4":"has-post-thumbnail","6":"product_cat-wezuco","8":"first","9":"outofstock","10":"taxable","11":"shipping-taxable","12":"purchasable","13":"product-type-simple"},"_links":{"self":[{"href":"https:\/\/www.graswurzel.net\/gwr\/wp-json\/wp\/v2\/product\/15650","targetHints":{"allow":["GET"]}}],"collection":[{"href":"https:\/\/www.graswurzel.net\/gwr\/wp-json\/wp\/v2\/product"}],"about":[{"href":"https:\/\/www.graswurzel.net\/gwr\/wp-json\/wp\/v2\/types\/product"}],"wp:featuredmedia":[{"embeddable":true,"href":"https:\/\/www.graswurzel.net\/gwr\/wp-json\/wp\/v2\/media\/16741"}],"wp:attachment":[{"href":"https:\/\/www.graswurzel.net\/gwr\/wp-json\/wp\/v2\/media?parent=15650"}],"wp:term":[{"taxonomy":"product_brand","embeddable":true,"href":"https:\/\/www.graswurzel.net\/gwr\/wp-json\/wp\/v2\/product_brand?post=15650"},{"taxonomy":"product_cat","embeddable":true,"href":"https:\/\/www.graswurzel.net\/gwr\/wp-json\/wp\/v2\/product_cat?post=15650"},{"taxonomy":"product_tag","embeddable":true,"href":"https:\/\/www.graswurzel.net\/gwr\/wp-json\/wp\/v2\/product_tag?post=15650"}],"curies":[{"name":"wp","href":"https:\/\/api.w.org\/{rel}","templated":true}]}}