{"id":15651,"date":"1993-01-01T17:54:20","date_gmt":"1993-01-01T15:54:20","guid":{"rendered":"http:\/\/test.graswurzel.net\/gwr\/produkt\/politik-und-moral\/"},"modified":"2026-01-14T18:04:56","modified_gmt":"2026-01-14T16:04:56","slug":"politik-und-moral","status":"publish","type":"product","link":"https:\/\/www.graswurzel.net\/gwr\/produkt\/politik-und-moral\/","title":{"rendered":"Politik und Moral"},"content":{"rendered":"<p>Beate Jahn<br \/>\n<b>Politik und Moral\u00a0<\/b><br \/>\nGandhis Herausforderung f\u00fcr die Weimarer Republik<\/p>\n<p>ISBN: 978-3-88713-040-4<br \/>\nPaperback, 311 S. &#8211; 14,8 x 21 cm, 1993<\/p>\n<p>Die Autorin gibt einen detaillierten \u00dcberblick \u00fcber Gandhis Moral-, Politik- und \u00d6konomieverst\u00e4ndnis sowie das der Intellektuellen, Christen, Sozialisten, der politischen Rechten, der Friedensbewegung und des Establishments w\u00e4hrend der Weimarer Republik. Sie untersucht, in welcher Weise die gesellschaftlichen Gruppierungen der Weimarer Republik Gandhis Vorstellungen aufgenommen und verarbeitet haben. Dabei lenkt sie den Blick auf die Grundlagen der westlichen Industriegesellschaft sowie den in Deutschland und Europa gebr\u00e4uchlichen Politikbegriff und auf Unterschiede und Gemeinsamkeiten, die im indischen und europ\u00e4ischen Denken in diesem Zusammenhang zutage treten. Die Rezeption Gandhis von der extremen Linken bis zur extremen Rechten zeugen von der gro\u00dfen Faszination, die von Gandhi ausgeht und machen die unterschiedlichen Motivationen f\u00fcr diese Rezeption deutlich.<\/p>\n<p>Schlie\u00dflich hat sie diejenigen Aspekte Gandhischen Denkens und Handelns deutlich werden lassen, die seine zeit- und kultur\u00fcbergreifende Bedeutung ausmachen.<\/p>\n","protected":false},"excerpt":{"rendered":"<p>Dieses Buch wurde \u00fcbernommen aus dem ehemaligen Verlag <em>Weber, Zucht &amp; Co. <\/em>Mehr dazu:\u00a0<a href=\"https:\/\/www.graswurzel.net\/gwr\/weber-zucht-co-im-verlag-graswurzelrevolution\/\">Weber, Zucht &amp; Co &#8211; Eine W\u00fcrdigung<\/a><\/p>\n","protected":false},"featured_media":16746,"template":"","meta":{"slim_seo":{"title":"Politik und Moral - graswurzelrevolution","description":"Dieses Buch wurde \u00fcbernommen aus dem ehemaligen Verlag Weber, Zucht &amp; Co. Mehr dazu:\u00a0 Weber, Zucht &amp; Co - Eine W\u00fcrdigung"}},"product_brand":[],"product_cat":[921],"product_tag":[],"class_list":{"0":"post-15651","1":"product","2":"type-product","3":"status-publish","4":"has-post-thumbnail","6":"product_cat-wezuco","8":"first","9":"outofstock","10":"taxable","11":"shipping-taxable","12":"purchasable","13":"product-type-simple"},"_links":{"self":[{"href":"https:\/\/www.graswurzel.net\/gwr\/wp-json\/wp\/v2\/product\/15651","targetHints":{"allow":["GET"]}}],"collection":[{"href":"https:\/\/www.graswurzel.net\/gwr\/wp-json\/wp\/v2\/product"}],"about":[{"href":"https:\/\/www.graswurzel.net\/gwr\/wp-json\/wp\/v2\/types\/product"}],"wp:featuredmedia":[{"embeddable":true,"href":"https:\/\/www.graswurzel.net\/gwr\/wp-json\/wp\/v2\/media\/16746"}],"wp:attachment":[{"href":"https:\/\/www.graswurzel.net\/gwr\/wp-json\/wp\/v2\/media?parent=15651"}],"wp:term":[{"taxonomy":"product_brand","embeddable":true,"href":"https:\/\/www.graswurzel.net\/gwr\/wp-json\/wp\/v2\/product_brand?post=15651"},{"taxonomy":"product_cat","embeddable":true,"href":"https:\/\/www.graswurzel.net\/gwr\/wp-json\/wp\/v2\/product_cat?post=15651"},{"taxonomy":"product_tag","embeddable":true,"href":"https:\/\/www.graswurzel.net\/gwr\/wp-json\/wp\/v2\/product_tag?post=15651"}],"curies":[{"name":"wp","href":"https:\/\/api.w.org\/{rel}","templated":true}]}}