{"id":15655,"date":"1984-12-31T17:54:21","date_gmt":"1984-12-31T15:54:21","guid":{"rendered":"http:\/\/test.graswurzel.net\/gwr\/produkt\/wege-des-ungehorsams-i\/"},"modified":"2022-10-14T18:47:20","modified_gmt":"2022-10-14T16:47:20","slug":"wege-des-ungehorsams-i","status":"publish","type":"product","link":"https:\/\/www.graswurzel.net\/gwr\/produkt\/wege-des-ungehorsams-i\/","title":{"rendered":"Wege des Ungehorsams I"},"content":{"rendered":"<p><b>Wege des Ungehorsams I<\/b><br \/>\nJahrbuch f\u00fcr libert\u00e4re und gewaltfreie Aktion, Politik und Kultur (Band 1)<\/p>\n<p>ISBN: 978-3-88713-007-7<br \/>\nkartoniert, 190 S. &#8211; 21cm x 14,8 cm, 1984<\/p>\n<p>Das Buch reflektiert die Massenbewegungen der Anti-AKW- und Friedensbewegung der fr\u00fchen Achtzigerjahre in mehreren Beitr\u00e4gen. Im Mittelpunkt einer grundlegenden Analyse steht das Theorem von Edward P. Thompson, dass der milit\u00e4risch-industrielle Komplex auf die Ausl\u00f6schung der Menschheit (Exterminismus) zusteuert und die Frage, wie davon ausgehend Revolution gedacht werden kann. Weitere Beitr\u00e4ge zu Staat und Krieg, Transnationalismus und Kommunalismus &#8211; ein Konzept zur Aush\u00f6hlung und \u00dcberschreitung der nationalstaatlichen Ebene, Selbstverwaltungskonzepte Gandhis und der Sarvodaya-Bewegung Indiens, sowie zur Gegnerschaft von zivilem Ungehorsam und Rechtsstaat, zu einer libert\u00e4ren Theorie der Menschenrechte, Syndikalistische Frauenbewegung u.a.m.<\/p>\n","protected":false},"excerpt":{"rendered":"<p>Dieses Buch wurde \u00fcbernommen aus dem ehemaligen Verlag <em>Weber, Zucht &amp; Co. <\/em>Mehr dazu:\u00a0<a href=\"https:\/\/www.graswurzel.net\/gwr\/weber-zucht-co-im-verlag-graswurzelrevolution\/\">Weber, Zucht &amp; Co &#8211; Eine W\u00fcrdigung<\/a><\/p>\n","protected":false},"featured_media":16760,"template":"","meta":{"slim_seo":{"title":"Wege des Ungehorsams I - graswurzelrevolution","description":"Dieses Buch wurde \u00fcbernommen aus dem ehemaligen Verlag Weber, Zucht &amp; Co. Mehr dazu:\u00a0 Weber, Zucht &amp; Co - Eine W\u00fcrdigung"}},"product_brand":[],"product_cat":[921],"product_tag":[],"class_list":{"0":"post-15655","1":"product","2":"type-product","3":"status-publish","4":"has-post-thumbnail","6":"product_cat-wezuco","8":"first","9":"outofstock","10":"taxable","11":"shipping-taxable","12":"purchasable","13":"product-type-simple"},"_links":{"self":[{"href":"https:\/\/www.graswurzel.net\/gwr\/wp-json\/wp\/v2\/product\/15655","targetHints":{"allow":["GET"]}}],"collection":[{"href":"https:\/\/www.graswurzel.net\/gwr\/wp-json\/wp\/v2\/product"}],"about":[{"href":"https:\/\/www.graswurzel.net\/gwr\/wp-json\/wp\/v2\/types\/product"}],"wp:featuredmedia":[{"embeddable":true,"href":"https:\/\/www.graswurzel.net\/gwr\/wp-json\/wp\/v2\/media\/16760"}],"wp:attachment":[{"href":"https:\/\/www.graswurzel.net\/gwr\/wp-json\/wp\/v2\/media?parent=15655"}],"wp:term":[{"taxonomy":"product_brand","embeddable":true,"href":"https:\/\/www.graswurzel.net\/gwr\/wp-json\/wp\/v2\/product_brand?post=15655"},{"taxonomy":"product_cat","embeddable":true,"href":"https:\/\/www.graswurzel.net\/gwr\/wp-json\/wp\/v2\/product_cat?post=15655"},{"taxonomy":"product_tag","embeddable":true,"href":"https:\/\/www.graswurzel.net\/gwr\/wp-json\/wp\/v2\/product_tag?post=15655"}],"curies":[{"name":"wp","href":"https:\/\/api.w.org\/{rel}","templated":true}]}}