{"id":15663,"date":"1983-12-31T17:54:23","date_gmt":"1983-12-31T15:54:23","guid":{"rendered":"http:\/\/test.graswurzel.net\/gwr\/produkt\/der-gewaltlose-revolutionaer\/"},"modified":"2023-03-10T20:22:30","modified_gmt":"2023-03-10T18:22:30","slug":"der-gewaltlose-revolutionaer","status":"publish","type":"product","link":"https:\/\/www.graswurzel.net\/gwr\/produkt\/der-gewaltlose-revolutionaer\/","title":{"rendered":"Der gewaltlose Revolution\u00e4r"},"content":{"rendered":"<p>George Woodcock<br \/>\n<b>Der gewaltlose Revolution\u00e4r<\/b><br \/>\nLeben und Wirken Mahatma Gandhis<\/p>\n<p>\u00dcbersetzung aus dem Englischen von Yvette K\u00f6pp<\/p>\n<p>ISBN: 978-3-88713-003-9<br \/>\nkartoniert, 124 S. &#8211; 18cm x 10,8 cm, 1983<\/p>\n<p>Woodcock stellt die Beziehung zwischen der pers\u00f6nlichen Entwicklung Gandhis und seinem sozialen und politischen Wirken dar: aus welcher indischen Tradition Gandhi sch\u00f6pft und welche westlichen Einfl\u00fcsse er aufnimmt und im Kampf um nationale Befreiung und soziale Revolution miteinander verkn\u00fcpft. Neben Gandhis Beitrag zur Entwicklung gewaltloser Kampfestechniken wird deutlich, welch hohen Rang Gandhi der Entwicklung eines konstruktiven Programms f\u00fcr die Schaffung einer Gesellschaft ohne Gewalt gibt.<\/p>\n","protected":false},"excerpt":{"rendered":"<p>Dieses Buch wurde \u00fcbernommen aus dem ehemaligen Verlag <em>Weber, Zucht &amp; Co. <\/em>Mehr dazu:\u00a0<a href=\"https:\/\/www.graswurzel.net\/gwr\/weber-zucht-co-im-verlag-graswurzelrevolution\/\">Weber, Zucht &amp; Co &#8211; Eine W\u00fcrdigung<\/a><\/p>\n","protected":false},"featured_media":16752,"template":"","meta":{"slim_seo":{"title":"Der gewaltlose Revolution\u00e4r - graswurzelrevolution","description":"Dieses Buch wurde \u00fcbernommen aus dem ehemaligen Verlag Weber, Zucht &amp; Co. Mehr dazu:\u00a0 Weber, Zucht &amp; Co - Eine W\u00fcrdigung"}},"product_brand":[],"product_cat":[921],"product_tag":[],"class_list":{"0":"post-15663","1":"product","2":"type-product","3":"status-publish","4":"has-post-thumbnail","6":"product_cat-wezuco","8":"first","9":"instock","10":"taxable","11":"shipping-taxable","12":"purchasable","13":"product-type-simple"},"_links":{"self":[{"href":"https:\/\/www.graswurzel.net\/gwr\/wp-json\/wp\/v2\/product\/15663","targetHints":{"allow":["GET"]}}],"collection":[{"href":"https:\/\/www.graswurzel.net\/gwr\/wp-json\/wp\/v2\/product"}],"about":[{"href":"https:\/\/www.graswurzel.net\/gwr\/wp-json\/wp\/v2\/types\/product"}],"wp:featuredmedia":[{"embeddable":true,"href":"https:\/\/www.graswurzel.net\/gwr\/wp-json\/wp\/v2\/media\/16752"}],"wp:attachment":[{"href":"https:\/\/www.graswurzel.net\/gwr\/wp-json\/wp\/v2\/media?parent=15663"}],"wp:term":[{"taxonomy":"product_brand","embeddable":true,"href":"https:\/\/www.graswurzel.net\/gwr\/wp-json\/wp\/v2\/product_brand?post=15663"},{"taxonomy":"product_cat","embeddable":true,"href":"https:\/\/www.graswurzel.net\/gwr\/wp-json\/wp\/v2\/product_cat?post=15663"},{"taxonomy":"product_tag","embeddable":true,"href":"https:\/\/www.graswurzel.net\/gwr\/wp-json\/wp\/v2\/product_tag?post=15663"}],"curies":[{"name":"wp","href":"https:\/\/api.w.org\/{rel}","templated":true}]}}