{"id":15668,"date":"2006-10-04T17:54:24","date_gmt":"2006-10-04T15:54:24","guid":{"rendered":"http:\/\/test.graswurzel.net\/gwr\/produkt\/anarchismus-und-buergerkrieg\/"},"modified":"2026-03-08T13:36:10","modified_gmt":"2026-03-08T11:36:10","slug":"anarchismus-und-buergerkrieg","status":"publish","type":"product","link":"https:\/\/www.graswurzel.net\/gwr\/produkt\/anarchismus-und-buergerkrieg\/","title":{"rendered":"Anarchismus und B\u00fcrgerkrieg"},"content":{"rendered":"<p style=\"text-align: center\"><strong>Wir trauern um unseren Autor Walther L. Bernecker<\/strong><\/p>\n<p><img loading=\"lazy\" decoding=\"async\" class=\"wp-image-33782 aligncenter\" src=\"https:\/\/www.graswurzel.net\/gwr\/wp-content\/uploads\/2026\/03\/LB-e1772966732433-218x300.webp\" alt=\"Walther L. Bernecker\" width=\"162\" height=\"212\" \/><\/p>\n<p style=\"text-align: center\"><strong>1947\u20132026<\/strong><\/p>\n<p>&nbsp;<\/p>\n<p>Walther L. Bernecker<br \/>\n<b>Anarchismus und B\u00fcrgerkrieg<\/b><br \/>\nZur Geschichte der Sozialen Revolution in Spanien 1936-1939<\/p>\n<p>392 Seiten<br \/>\nISBN 3-939045-03-9<\/p>\n<p>Die Soziale Revolution bleibt bei der Erinnerung an den Spanischen B\u00fcrgerkrieg in der Regel unerw\u00e4hnt. In dieser Studie werden auf der Basis eines breit gef\u00e4cherten und z. T. schwer zug\u00e4nglichen Quellenmaterials die Kollektivierungen im Landwirtschaftssektor, in der Industrie und in den Dienstleistungsunternehmen ebenso analysiert wie die Tr\u00e4ger des \u00bbfreiheitlichen Kommunismus\u00ab, deren Gegner und der Stellenwert beider in den republikanischen Koalitionen. Die Verlaufs- und Strukturanalyse markiert problemgeschichtlich Erscheinungsformen und M\u00e4ngel, Ausbreitung und Durchsetzung, Niedergang und Ende des anarchistischen Versuchs einer partizipatorischen Demokratisierung von Wirtschaft und Gesellschaft im Spanien der B\u00fcrgerkriegszeit.<\/p>\n<p>\u00bbDie Studie wird zu einem Standardwerk \u00fcber die Strukturen, Prozesse, Hindernisse und m\u00f6glichen Ergebnisse der anarchosyndikalistischen Revolution in Spanien werden.\u00ab<br \/>\n<i>The American Historical Review <\/i><\/p>\n<p>\u00bbBernecker gelingt es, ein wichtiges Kapitel aus der Geschichte des Spanischen B\u00fcrgerkriegs, dar\u00fcberhinaus des Anarchismus und seiner Revolutionsproblematik \u00fcberhaupt mit den damit verbundenen Implikationen praktischer Politik und gesellschaftstheoretischer Fundierung, (wieder) in einen allgemeineren Zusammenhang zu stellen.\u00ab<br \/>\n<i style=\"font-size: 1rem\">Neue Politische Literatur<\/i><\/p>\n<p>\u00bbWalther Bernecker hat mit seinen Arbeiten \u00fcber den spanischen Anarchismus eines der zentralen Themen der inneren Geschichte des Spanischen B\u00fcrgerkriegs \u00fcberhaupt aufgegriffen [\u2026] Die Studie ist auf einem bemerkenswert dichten Quellenmaterial erstellt worden. Trotz der emotionsgeladenen Thematik l\u00e4\u00dft Bernecker sich nicht zu voreiligen Schl\u00fcssen verleiten, wie \u00fcberhaupt die Differenzierf\u00e4higkeit seine St\u00e4rke ist. Die Ergebnisse, die er vorlegt, klingen plausibel.\u00ab<br \/>\n<i>Frankfurter Allgemeine Zeitung <\/i><\/p>\n","protected":false},"excerpt":{"rendered":"<p>Wir trauern um unseren Autor Walther L. Bernecker 1947\u20132026 &nbsp; Walther L. Bernecker Anarchismus und B\u00fcrgerkrieg Zur Geschichte der Sozialen Revolution in Spanien 1936-1939 392 Seiten ISBN 3-939045-03-9 Die Soziale Revolution bleibt bei der Erinnerung an den Spanischen B\u00fcrgerkrieg in der Regel unerw\u00e4hnt. In dieser Studie werden auf der Basis eines breit gef\u00e4cherten und z. &hellip; <a href=\"https:\/\/www.graswurzel.net\/gwr\/produkt\/anarchismus-und-buergerkrieg\/\">Weiterlesen<\/a><\/p>\n","protected":false},"featured_media":16932,"template":"","meta":{"slim_seo":{"title":"Anarchismus und B\u00fcrgerkrieg - graswurzelrevolution","description":"Wir trauern um unseren Autor Walther L. Bernecker 1947\u20132026 &nbsp; Walther L. Bernecker Anarchismus und B\u00fcrgerkrieg Zur Geschichte der Sozialen Revolution in Sp"}},"product_brand":[],"product_cat":[923],"product_tag":[698,991],"class_list":{"0":"post-15668","1":"product","2":"type-product","3":"status-publish","4":"has-post-thumbnail","6":"product_cat-buchverlag","7":"product_tag-anarchismus-2","8":"product_tag-spanische-revolution","10":"first","11":"instock","12":"taxable","13":"shipping-taxable","14":"purchasable","15":"product-type-simple"},"_links":{"self":[{"href":"https:\/\/www.graswurzel.net\/gwr\/wp-json\/wp\/v2\/product\/15668","targetHints":{"allow":["GET"]}}],"collection":[{"href":"https:\/\/www.graswurzel.net\/gwr\/wp-json\/wp\/v2\/product"}],"about":[{"href":"https:\/\/www.graswurzel.net\/gwr\/wp-json\/wp\/v2\/types\/product"}],"wp:featuredmedia":[{"embeddable":true,"href":"https:\/\/www.graswurzel.net\/gwr\/wp-json\/wp\/v2\/media\/16932"}],"wp:attachment":[{"href":"https:\/\/www.graswurzel.net\/gwr\/wp-json\/wp\/v2\/media?parent=15668"}],"wp:term":[{"taxonomy":"product_brand","embeddable":true,"href":"https:\/\/www.graswurzel.net\/gwr\/wp-json\/wp\/v2\/product_brand?post=15668"},{"taxonomy":"product_cat","embeddable":true,"href":"https:\/\/www.graswurzel.net\/gwr\/wp-json\/wp\/v2\/product_cat?post=15668"},{"taxonomy":"product_tag","embeddable":true,"href":"https:\/\/www.graswurzel.net\/gwr\/wp-json\/wp\/v2\/product_tag?post=15668"}],"curies":[{"name":"wp","href":"https:\/\/api.w.org\/{rel}","templated":true}]}}