{"id":15671,"date":"1998-12-31T17:54:25","date_gmt":"1998-12-31T15:54:25","guid":{"rendered":"http:\/\/test.graswurzel.net\/gwr\/produkt\/ursprung-der-revolte\/"},"modified":"2018-08-16T20:07:19","modified_gmt":"2018-08-16T18:07:19","slug":"ursprung-der-revolte","status":"publish","type":"product","link":"https:\/\/www.graswurzel.net\/gwr\/produkt\/ursprung-der-revolte\/","title":{"rendered":"Ursprung der Revolte"},"content":{"rendered":"<p>Lou Marin<br \/>\n<b>Ursprung der Revolte<br \/>\n<\/b>Albert Camus und der Anarchismus<\/p>\n<p>328 Seiten<br \/>\nISBN 3-9806353-0-9<\/p>\n<p>Albert Camus erhielt 1957 den Literaturnobelpreis und erlangte daraufhin literarischen Weltruhm. Nahezu unbekannt ist allerdings: Camus hatte zeit seines Lebens vielf\u00e4ltige Kontakte zur franz\u00f6sischen anarchistischen Bewegung. Er hielt Vortr\u00e4ge, beteiligte sich an Aktionen und trat f\u00fcr Angeklagte vor Gericht ein. Und seine Werke sind von freiheitlichem Denken gekennzeichnet.<\/p>\n<p>Der vergessene Libert\u00e4re Albert Camus wird mit diesem Buch wiederentdeckt und erstmals ausf\u00fchrlich dem deutschsprachigen Publikum vorgestellt: Seine Hinwendung zu libert\u00e4ren Ideen in der algerischen Fr\u00fchphase, die freiheitlichen Aspekte seines philosophischen Hauptwerkes <i>Der Mensch in der Revolte<\/i> und seine journalistischen Beitr\u00e4ge f\u00fcr anarchistische Zeitungen.<\/p>\n<p>Nur vor dem Hintergrund Camus&#8216; N\u00e4he zu anarchistischen Ideen ist seine gewaltkritische Position zum ersten Algerienkrieg, dem bewaffneten nationalen Befreiungskrieg, zu verstehen. Erst im Angesicht der Grausamkeiten des zweiten Algerienkrieges zeigt sich, wie vorausschauend Camus&#8216; L\u00f6sungsans\u00e4tze eines libert\u00e4ren F\u00f6deralismus und einer mittelmeerischen Kultur waren. Doch Camus wurde ins Abseits gedr\u00e4ngt, als \u00bbKolonialist des guten Willens\u00ab verspottet. Seine Nationalismus- und Gewaltkritik verhallte ungeh\u00f6rt.<\/p>\n<p>Sp\u00e4t, vielleicht zu sp\u00e4t, haben angesichts des j\u00fcngsten algerischen Alptraums renommierte LiteratInnen und PolitikerInnen aus dem Maghreb den in diesem Buch ebenfalls vorgestellten \u00bbalgerischen Camus\u00ab rehabilitiert, dessen politische Aktualit\u00e4t beeindruckend ist.<\/p>\n","protected":false},"excerpt":{"rendered":"<p>Lou Marin Ursprung der Revolte Albert Camus und der Anarchismus 328 Seiten ISBN 3-9806353-0-9 Albert Camus erhielt 1957 den Literaturnobelpreis und erlangte daraufhin literarischen Weltruhm. Nahezu unbekannt ist allerdings: Camus hatte zeit seines Lebens vielf\u00e4ltige Kontakte zur franz\u00f6sischen anarchistischen Bewegung. Er hielt Vortr\u00e4ge, beteiligte sich an Aktionen und trat f\u00fcr Angeklagte vor Gericht ein. Und &hellip; <a href=\"https:\/\/www.graswurzel.net\/gwr\/produkt\/ursprung-der-revolte\/\">Weiterlesen<\/a><\/p>\n","protected":false},"featured_media":16939,"template":"","meta":{"slim_seo":{"title":"Ursprung der Revolte - graswurzelrevolution","description":"Lou Marin Ursprung der Revolte Albert Camus und der Anarchismus 328 Seiten ISBN 3-9806353-0-9 Albert Camus erhielt 1957 den Literaturnobelpreis und erlangte dar"}},"product_brand":[],"product_cat":[923],"product_tag":[992],"class_list":{"0":"post-15671","1":"product","2":"type-product","3":"status-publish","4":"has-post-thumbnail","6":"product_cat-buchverlag","7":"product_tag-camus","9":"first","10":"outofstock","11":"taxable","12":"shipping-taxable","13":"purchasable","14":"product-type-simple"},"_links":{"self":[{"href":"https:\/\/www.graswurzel.net\/gwr\/wp-json\/wp\/v2\/product\/15671","targetHints":{"allow":["GET"]}}],"collection":[{"href":"https:\/\/www.graswurzel.net\/gwr\/wp-json\/wp\/v2\/product"}],"about":[{"href":"https:\/\/www.graswurzel.net\/gwr\/wp-json\/wp\/v2\/types\/product"}],"wp:featuredmedia":[{"embeddable":true,"href":"https:\/\/www.graswurzel.net\/gwr\/wp-json\/wp\/v2\/media\/16939"}],"wp:attachment":[{"href":"https:\/\/www.graswurzel.net\/gwr\/wp-json\/wp\/v2\/media?parent=15671"}],"wp:term":[{"taxonomy":"product_brand","embeddable":true,"href":"https:\/\/www.graswurzel.net\/gwr\/wp-json\/wp\/v2\/product_brand?post=15671"},{"taxonomy":"product_cat","embeddable":true,"href":"https:\/\/www.graswurzel.net\/gwr\/wp-json\/wp\/v2\/product_cat?post=15671"},{"taxonomy":"product_tag","embeddable":true,"href":"https:\/\/www.graswurzel.net\/gwr\/wp-json\/wp\/v2\/product_tag?post=15671"}],"curies":[{"name":"wp","href":"https:\/\/api.w.org\/{rel}","templated":true}]}}