{"id":15673,"date":"2020-02-22T17:54:28","date_gmt":"2020-02-22T15:54:28","guid":{"rendered":"http:\/\/test.graswurzel.net\/gwr\/produkt\/zeiten-des-kampfes\/"},"modified":"2026-01-18T13:39:38","modified_gmt":"2026-01-18T11:39:38","slug":"zeiten-des-kampfes","status":"publish","type":"product","link":"https:\/\/www.graswurzel.net\/gwr\/produkt\/zeiten-des-kampfes\/","title":{"rendered":"Zeiten des Kampfes"},"content":{"rendered":"<p>Clayborne Carson<br \/>\n<b>Zeiten des Kampfes<\/b><br \/>\nDas Student Nonviolent Coordinating Committee (SNCC) und das Erwachen des afro-amerikanischen Widerstands in den sechziger Jahren<\/p>\n<p>Mit einem Nachwort von Heinrich W. Grosse<br \/>\nAus dem Amerikanischen von Lou Marin<\/p>\n<p>638 Seiten<br \/>\nISBN 3-9806353-6-8<\/p>\n<p>Das <i>Student Nonviolent Coordinating Committee<\/i> (SNCC) z\u00e4hlt zu den bedeutendsten Organisationen der schwarzen B\u00fcrgerrechtsbewegung in den USA. Seine Kampagnen und direkten gewaltfreien Massenaktionen in den sechziger Jahren spitzten die K\u00e4mpfe der US-amerikanischen Schwarzen gegen die rassistische Diskriminierung zu und trieben sie voran. Clayborne Carson beschreibt erstmals die gesamte Entwicklungsgeschichte des SNCC: Die Erfolge in den Anfangsjahren, als die Anh\u00e4ngerInnen des SNCC aus religi\u00f6sen oder moralischen Motiven den Glauben in die Kraft der gewaltfreien direkten Aktion und den graswurzelrevolution\u00e4ren Organisationsansatz teilten. Mit &#8222;Sit-Ins&#8220;, &#8222;Freiheitsfahrten&#8220; und den Kampagnen zur Eintragung in die W\u00e4hlerInnenlisten griff die Organisation das System der Segregation in den S\u00fcdstaaten an. Das SNCC stellte in dieser Zeit die dominierende Rolle von Martin Luther King in der B\u00fcrgerrechtsbewegung konstruktiv in Frage.<\/p>\n<p>Im Laufe der sechziger Jahre wurden diese gewaltfreien Str\u00f6mungen &#8211; einige von ihnen waren durch libert\u00e4r-gewaltfreie Ideen gepr\u00e4gt &#8211; zur\u00fcckgedr\u00e4ngt. Das SNCC wurde schlie\u00dflich von Anh\u00e4ngerInnen eines militanten, separatistischen schwarzen Nationalismus dominiert. Carson stellt diese Entwicklung des SNCC im Gegensatz zu anderen Autoren, deren B\u00fccher zur Geschichte des Widerstands der Schwarzen in deutscher \u00dcbersetzung erschienen sind, keineswegs als einen geradlinigen Proze\u00df der Radikalisierung, sondern vielmehr als Zerfall einer ehemals starken und einflu\u00dfreichen Organisation dar.<\/p>\n<p><i>Zeiten des Kampfes<\/i> ist aber nicht nur die Geschichte einer Organisation der schwarzen B\u00fcrgerrechtsbewegung, die in der deutschsprachigen Literatur bislang kaum wahrgenommen wurde. Es ist auch ein Lehrst\u00fcck \u00fcber Erfolge und Abwege sozialer Bewegungen.<\/p>\n<p>Carson war selbst Mitglied im SNCC und ist heute <a href=\"http:\/\/www.stanford.edu\/%7Eccarson\/\">Professor f\u00fcr Geschichte<\/a> an der Stanford University und Direktor des <i><a href=\"http:\/\/www.stanford.edu\/group\/King\/\">Martin Luther King, Jr., Papers Project<\/a><\/i>. F\u00fcr sein Buch wurde er von der <i>Organization of American Historians<\/i> ausgezeichnet.<\/p>\n","protected":false},"excerpt":{"rendered":"<p>Das\u00a0<i>Student Nonviolent Coordinating Committee<\/i>\u00a0(SNCC) z\u00e4hlt zu den bedeutendsten Organisationen der schwarzen B\u00fcrgerrechtsbewegung in den USA. Seine Kampagnen und direkten gewaltfreien Massenaktionen in den sechziger Jahren spitzten die K\u00e4mpfe der US-amerikanischen Schwarzen gegen die rassistische Diskriminierung zu und trieben sie voran.<\/p>\n","protected":false},"featured_media":16940,"template":"","meta":{"slim_seo":{"title":"Zeiten des Kampfes - graswurzelrevolution","description":"Das\u00a0 Student Nonviolent Coordinating Committee \u00a0(SNCC) z\u00e4hlt zu den bedeutendsten Organisationen der schwarzen B\u00fcrgerrechtsbewegung in den USA. Seine Kampagnen"}},"product_brand":[],"product_cat":[923],"product_tag":[],"class_list":{"0":"post-15673","1":"product","2":"type-product","3":"status-publish","4":"has-post-thumbnail","6":"product_cat-buchverlag","8":"first","9":"outofstock","10":"taxable","11":"shipping-taxable","12":"purchasable","13":"product-type-simple"},"_links":{"self":[{"href":"https:\/\/www.graswurzel.net\/gwr\/wp-json\/wp\/v2\/product\/15673","targetHints":{"allow":["GET"]}}],"collection":[{"href":"https:\/\/www.graswurzel.net\/gwr\/wp-json\/wp\/v2\/product"}],"about":[{"href":"https:\/\/www.graswurzel.net\/gwr\/wp-json\/wp\/v2\/types\/product"}],"wp:featuredmedia":[{"embeddable":true,"href":"https:\/\/www.graswurzel.net\/gwr\/wp-json\/wp\/v2\/media\/16940"}],"wp:attachment":[{"href":"https:\/\/www.graswurzel.net\/gwr\/wp-json\/wp\/v2\/media?parent=15673"}],"wp:term":[{"taxonomy":"product_brand","embeddable":true,"href":"https:\/\/www.graswurzel.net\/gwr\/wp-json\/wp\/v2\/product_brand?post=15673"},{"taxonomy":"product_cat","embeddable":true,"href":"https:\/\/www.graswurzel.net\/gwr\/wp-json\/wp\/v2\/product_cat?post=15673"},{"taxonomy":"product_tag","embeddable":true,"href":"https:\/\/www.graswurzel.net\/gwr\/wp-json\/wp\/v2\/product_tag?post=15673"}],"curies":[{"name":"wp","href":"https:\/\/api.w.org\/{rel}","templated":true}]}}