{"id":15686,"date":"2021-10-03T00:00:35","date_gmt":"2021-10-02T22:00:35","guid":{"rendered":"http:\/\/test.graswurzel.net\/gwr\/produkt\/ekkehart-krippendorff-lebensfaeden\/"},"modified":"2022-12-12T20:13:53","modified_gmt":"2022-12-12T18:13:53","slug":"ekkehart-krippendorff-lebensfaeden","status":"publish","type":"product","link":"https:\/\/www.graswurzel.net\/gwr\/produkt\/ekkehart-krippendorff-lebensfaeden\/","title":{"rendered":"Lebensf\u00e4den"},"content":{"rendered":"<p>Ekkehart Krippendorff<br \/>\n<b>Lebensf\u00e4den<\/b><br \/>\nZehn autobiographische Versuche<\/p>\n<p>476 Seiten, <strong><span style=\"color: #ff0000\">statt <del>24,90<\/del> Euro nur noch 9,90 Euro<\/span><\/strong><br \/>\nISBN 978-3-939045-19-9<\/p>\n<p>Ekkehart Krippendorff, 1934 geboren, emeritierter Professor der Freien Universit\u00e4t Berlin, darf von sich behaupten, der erste ausschlie\u00dflich politikwissenschaftliche Student und Promovend in Deutschland zu sein. Er hat als kleiner Junge noch die letzten Kriegsjahre miterlebt, war 1960 bis 1963 als Fulbright-Stipendiat Augenzeuge der Aufbruchsjahre in den USA und wurde Mitbegr\u00fcnder der deutschen Friedensforschung. Mit seinem Rauswurf aus der FU 1965 begann die deutsche Studentenbewegung, zu deren Sprechern er 1968 geh\u00f6rte. In den Siebzigerjahren lehrte er in Italien und erlebte dort das &#8222;rote Bologna&#8220;. Wissenschaftlich beeinflusste er \u00fcber die Universit\u00e4t hinaus soziale Protestbewegungen mit seiner historisch-systematischen staatskritischen Monographie Staat und Krieg, die den programmatischen Untertitel tr\u00e4gt: Die historische Logik politischer Unvernunft; es folgten zahlreiche Publikationen zur Kritik des Milit\u00e4rs und der Au\u00dfenpolitik. Sp\u00e4ter entdeckte er die Literatur f\u00fcr eine herrschaftskritische Politikwissenschaft &#8211; zwei Monographien \u00fcber Shakespeare &#8211; und seit Jahren schreibt er Theaterkritiken. Krippendorff hat bei Goethe einen Hinweis gefunden, der ihn dazu ermutigte, sein Leben exemplarisch zu entflechten, F\u00e4den thematisch herauszuziehen und als Erz\u00e4hlungen mitzuteilen &#8211; f\u00fcr diesen eine Geste gr\u00f6\u00dfter H\u00f6flichkeit. &#8222;Das Gewebe unseres Lebens und Wirkens bildet sich aus gar verschiedenen F\u00e4den, indem sich Notwendiges und Zuf\u00e4lliges, Willk\u00fcrliches und Rein-Gewolltes, jedes von der verschiedensten Art und oft nicht zu unterscheiden, durcheinanderschr\u00e4nkt.&#8220; (Dichtung und Wahrheit). Was Ekkehart Krippendorff selbst bei seinem R\u00fcckgang in die eigene Geschichte entdeckte oder erinnerte, schien ihm nicht zuletzt auch zeitgeschichtlich mitteilenswert. Es sind daraus zehn in sich geschlossene und zugleich &#8222;durcheinandergeschr\u00e4nkte&#8220; Autobiographien, eben &#8222;Lebensf\u00e4den&#8220;, geworden: Krieg, Theater, Universit\u00e4ten, Nazismus, Amerika, Juden, Italien, DDR, Musik, Religion &#8211; und ein historischer Epilog, der die bis ins 14. Jahrhundert zur\u00fcckverfolgbare Familiengeschichte als Mikro-Spiegel deutscher Geschichte lesbar macht.<\/p>\n<h3><\/h3>\n","protected":false},"excerpt":{"rendered":"<p><strong><span style=\"color: #ff0000\">S<\/span><span style=\"color: #ff0000\">tatt <del>24,90<\/del> Euro<\/span><\/strong>\u00a0<strong><span style=\"color: #ff0000\">nur noch 9,90 Euro<\/span><\/strong><\/p>\n<p>Ekkehart Krippendorff (1934\u20132018), Mitbegr\u00fcnder der deutschen Friedensforschung und Autor des f\u00fcr die Friedensbewegung der Achtzigerjahre wichtigen Buches \u201eStaat und Krieg. Die historische Logik politischer Unvernunft\u201c, hat sein Leben exemplarisch entflochten. Zeitgeschichtlich bedeutsame F\u00e4den hat er thematisch herausgezogen und erz\u00e4hlt kulturgeschichtlich von den Lebensf\u00e4den Krieg, Theater, Universit\u00e4ten, Nazismus, Amerika, Juden, Italien, DDR, Musik und Religion.<\/p>\n","protected":false},"featured_media":26258,"template":"","meta":{"slim_seo":{"title":"Lebensf\u00e4den - graswurzelrevolution","description":"S tatt 24,90 Euro \u00a0 nur noch 9,90 Euro Ekkehart Krippendorff (1934\u20132018), Mitbegr\u00fcnder der deutschen Friedensforschung und Autor des f\u00fcr die Friedensbewegung de"}},"product_brand":[],"product_cat":[923],"product_tag":[],"class_list":{"0":"post-15686","1":"product","2":"type-product","3":"status-publish","4":"has-post-thumbnail","6":"product_cat-buchverlag","8":"first","9":"instock","10":"taxable","11":"shipping-taxable","12":"purchasable","13":"product-type-simple"},"_links":{"self":[{"href":"https:\/\/www.graswurzel.net\/gwr\/wp-json\/wp\/v2\/product\/15686","targetHints":{"allow":["GET"]}}],"collection":[{"href":"https:\/\/www.graswurzel.net\/gwr\/wp-json\/wp\/v2\/product"}],"about":[{"href":"https:\/\/www.graswurzel.net\/gwr\/wp-json\/wp\/v2\/types\/product"}],"wp:featuredmedia":[{"embeddable":true,"href":"https:\/\/www.graswurzel.net\/gwr\/wp-json\/wp\/v2\/media\/26258"}],"wp:attachment":[{"href":"https:\/\/www.graswurzel.net\/gwr\/wp-json\/wp\/v2\/media?parent=15686"}],"wp:term":[{"taxonomy":"product_brand","embeddable":true,"href":"https:\/\/www.graswurzel.net\/gwr\/wp-json\/wp\/v2\/product_brand?post=15686"},{"taxonomy":"product_cat","embeddable":true,"href":"https:\/\/www.graswurzel.net\/gwr\/wp-json\/wp\/v2\/product_cat?post=15686"},{"taxonomy":"product_tag","embeddable":true,"href":"https:\/\/www.graswurzel.net\/gwr\/wp-json\/wp\/v2\/product_tag?post=15686"}],"curies":[{"name":"wp","href":"https:\/\/api.w.org\/{rel}","templated":true}]}}