{"id":20451,"date":"2019-06-19T18:15:53","date_gmt":"2019-06-19T16:15:53","guid":{"rendered":"https:\/\/www.graswurzel.net\/gwr\/?post_type=product&#038;p=20451"},"modified":"2026-01-30T20:22:49","modified_gmt":"2026-01-30T18:22:49","slug":"herrschaftsfreie-institutionen","status":"publish","type":"product","link":"https:\/\/www.graswurzel.net\/gwr\/produkt\/herrschaftsfreie-institutionen\/","title":{"rendered":"Herrschaftsfreie Institutionen"},"content":{"rendered":"<p>R\u00fcdiger Haude, Thomas Wagner<br \/>\n<strong>Herrschaftsfreie Institutionen<\/strong><br \/>\nTexte zur Stabilisierung staatsloser, egalit\u00e4rer Gesellschaften<\/p>\n<p>248 Seiten, 12 Abb., 20,90 Euro<br \/>\nISBN 978-3-939045-37-3<\/p>\n<p>Sind stabile herrschaftsfreie Gesellschaften denkbar? Haben staatslose Gesellschaften Jahrzehnte und l\u00e4nger \u00fcberdauert und existieren sie noch immer?<\/p>\n<p>In den Sozialwissenschaften herrscht die Tendenz vor, \u00bbRegulierten Anarchien\u00ab entweder keinen politischen Stellenwert beizumessen oder ihnen doch eine verborgene Herrschaftlichkeit zu unterstellen. Mit beiden (ethnologischen bzw. historischen) Argumenten l\u00e4\u00dft sich die angebliche Unm\u00f6glichkeit von Herrschaftsabbau heute behaupten.<\/p>\n<p>Die Beitr\u00e4ge dieses hier in zweiter, durchgesehener Auflage vorliegenden Bandes setzen sich kritisch mit dieser Auffassung auseinander und zeigen an Beispielen wie Verwandtschaftsstruktur, Architektur und Spiel sowie dem altisraelitischen Glaubenssystem: Gerade \u00bbprimitive\u00ab Gesellschaften besa\u00dfen eine erstaunliche institutionelle Phantasie, um Herrschaftsfreiheit und egalit\u00e4re Verh\u00e4ltnisse dauerhaft sicherzustellen.<\/p>\n<p>Die beiden Verfasser R\u00fcdiger Haude und Thomas Wagner sind Kulturwissenschaftler. \u00bbDie Aufs\u00e4tze von Haude und Wagner sind ein bedeutender Beitrag zur Weiterentwicklung der vorliegenden Anarchie-Theorien\u00ab (aus dem Vorwort von Christian Sigrist).<\/p>\n","protected":false},"excerpt":{"rendered":"<p><strong>Ausgezeichnet als <a href=\"https:\/\/www.bibliothekderfreien.de\/buch-des-jahres.html\">Buch des Jahres 2019<\/a> der Bibliothek der Freien<\/strong><\/p>\n<p>Haude und Wagner rufen in Erinnerung, dass es in der Geschichte und bis heute nicht-staatlich organisierte Gesellschaften in allen Erdteilen gibt, die egalit\u00e4r sind. Sie existieren oft \u00fcber mehrere Jahrzehnte hinweg und bilden ihre eigenen stabilisierenden, herrschaftsfreien Institutionen aus. \u00dcber diese Institutionen informiert das Buch anhand von praktischen Beispielen wie besonderer Haus- und Dorf-Architektur, ihrer Reproduktionsformen oder auch Alltagspraxen in Form von nivellierenden Spielen.<\/p>\n","protected":false},"featured_media":20452,"template":"","meta":{"slim_seo":{"title":"Herrschaftsfreie Institutionen - graswurzelrevolution","description":"Ausgezeichnet als Buch des Jahres 2019 der Bibliothek der Freien Haude und Wagner rufen in Erinnerung, dass es in der Geschichte und bis heute nicht-staatlich o"}},"product_brand":[],"product_cat":[923],"product_tag":[],"class_list":{"0":"post-20451","1":"product","2":"type-product","3":"status-publish","4":"has-post-thumbnail","6":"product_cat-buchverlag","8":"first","9":"instock","10":"taxable","11":"shipping-taxable","12":"purchasable","13":"product-type-simple"},"_links":{"self":[{"href":"https:\/\/www.graswurzel.net\/gwr\/wp-json\/wp\/v2\/product\/20451","targetHints":{"allow":["GET"]}}],"collection":[{"href":"https:\/\/www.graswurzel.net\/gwr\/wp-json\/wp\/v2\/product"}],"about":[{"href":"https:\/\/www.graswurzel.net\/gwr\/wp-json\/wp\/v2\/types\/product"}],"wp:featuredmedia":[{"embeddable":true,"href":"https:\/\/www.graswurzel.net\/gwr\/wp-json\/wp\/v2\/media\/20452"}],"wp:attachment":[{"href":"https:\/\/www.graswurzel.net\/gwr\/wp-json\/wp\/v2\/media?parent=20451"}],"wp:term":[{"taxonomy":"product_brand","embeddable":true,"href":"https:\/\/www.graswurzel.net\/gwr\/wp-json\/wp\/v2\/product_brand?post=20451"},{"taxonomy":"product_cat","embeddable":true,"href":"https:\/\/www.graswurzel.net\/gwr\/wp-json\/wp\/v2\/product_cat?post=20451"},{"taxonomy":"product_tag","embeddable":true,"href":"https:\/\/www.graswurzel.net\/gwr\/wp-json\/wp\/v2\/product_tag?post=20451"}],"curies":[{"name":"wp","href":"https:\/\/api.w.org\/{rel}","templated":true}]}}