{"id":24942,"date":"2021-10-04T17:41:52","date_gmt":"2021-10-04T15:41:52","guid":{"rendered":"https:\/\/www.graswurzel.net\/gwr\/?post_type=product&#038;p=24942"},"modified":"2025-01-13T14:43:50","modified_gmt":"2025-01-13T12:43:50","slug":"antimilitarismus-und-gewaltfreiheit","status":"publish","type":"product","link":"https:\/\/www.graswurzel.net\/gwr\/produkt\/antimilitarismus-und-gewaltfreiheit\/","title":{"rendered":"Antimilitarismus und Gewaltfreiheit"},"content":{"rendered":"<p>Gernot Jochheim<\/p>\n<p><strong>Antimilitarismus und Gewaltfreiheit<br \/>\n<\/strong>Die niederl\u00e4ndische Diskussion in der internationalen anarchistischen und sozialistischen Bewegung 1890\u20131940<\/p>\n<p>Herausgegeben von Wolfram Beyer<\/p>\n<p>360 S.<br \/>\nISBN 978-3-939045-44-1<\/p>\n<p>26,80 Euro<\/p>\n<p>Wurden sozialrevolution\u00e4re Kampfmittel wie Massenstreiks, direkte gewaltfreie Aktion und ziviler Ungehorsam in Europa nur im Rahmen der Gandhi-Rezeption diskutiert? Es ist das Verdienst von Gernot Jochheims historischem Standardwerk, die europ\u00e4ische Geschichte des gewaltfreien Antimilitarismus dem Vergessen zu entrei\u00dfen.<\/p>\n<p>Welche Rolle spielten dabei die anarchosyndikalistische, r\u00e4tekommunistische und linkssozialistische Arbeiterbewegung von 1890 bis 1940 in den Niederlanden sowie tolstojanisch gepr\u00e4gte Formen individueller Verweigerung? Wie haben Clara Wichmann, Bart de Ligt, Henriette Roland Holst und ihre Zusammenh\u00e4nge diese Aktionskonzepte im Kontext des Ersten Weltkriegs sowie der B\u00fcrgerkriege in Russland und Spanien weiterentwickelt?<\/p>\n<p>Die grundlegenden Diskussionen \u00fcber gewaltfreie Revolution sowie sozialrevolution\u00e4re Verteidigung\u00a0 arbeitete Gernot Jochheim in seiner 1977 ver\u00f6ffentlichten, inzwischen vergriffenen Dissertation \u201eAntimilitaristische Aktionstheorie, Soziale Revolution und Soziale Verteidigung\u201c auf. F\u00fcr die vorliegende popul\u00e4rwissenschaftliche Neufassung hat Herausgeber Wolfram Beyer die Studie umfassend \u00fcberarbeitet, vereinfacht und im Anhang gek\u00fcrzt.<\/p>\n","protected":false},"excerpt":{"rendered":"<p>Es ist das Verdienst von Gernot Jochheims historischem Standardwerk, die europ\u00e4ische Geschichte des gewaltfreien Antimilitarismus dem Vergessen zu entrei\u00dfen. Es wird deutlich, welche ma\u00dfgebliche Rolle dabei die anarchosyndikalistische, r\u00e4tekommunistische und linkssozialistische Arbeiterbewegung zwischen 1890 und 1940 in den Niederlanden sowie tolstojanisch gepr\u00e4gte Formen individueller Verweigerung gespielt haben. Es wird der Frage nachgegangen, wie Clara Wichmann, Bart de Ligt, Henriette Roland Holst und ihre Zusammenh\u00e4nge diese Aktionskonzepte im Kontext des Ersten Weltkriegs sowie der B\u00fcrgerkriege in Russland und Spanien weiterentwickelt haben.<\/p>\n","protected":false},"featured_media":32150,"template":"","meta":{"slim_seo":{"title":"Antimilitarismus und Gewaltfreiheit - graswurzelrevolution","description":"Es ist das Verdienst von Gernot Jochheims historischem Standardwerk, die europ\u00e4ische Geschichte des gewaltfreien Antimilitarismus dem Vergessen zu entrei\u00dfen. Es"}},"product_brand":[],"product_cat":[923],"product_tag":[],"class_list":{"0":"post-24942","1":"product","2":"type-product","3":"status-publish","4":"has-post-thumbnail","6":"product_cat-buchverlag","8":"first","9":"instock","10":"taxable","11":"shipping-taxable","12":"purchasable","13":"product-type-simple"},"_links":{"self":[{"href":"https:\/\/www.graswurzel.net\/gwr\/wp-json\/wp\/v2\/product\/24942","targetHints":{"allow":["GET"]}}],"collection":[{"href":"https:\/\/www.graswurzel.net\/gwr\/wp-json\/wp\/v2\/product"}],"about":[{"href":"https:\/\/www.graswurzel.net\/gwr\/wp-json\/wp\/v2\/types\/product"}],"wp:featuredmedia":[{"embeddable":true,"href":"https:\/\/www.graswurzel.net\/gwr\/wp-json\/wp\/v2\/media\/32150"}],"wp:attachment":[{"href":"https:\/\/www.graswurzel.net\/gwr\/wp-json\/wp\/v2\/media?parent=24942"}],"wp:term":[{"taxonomy":"product_brand","embeddable":true,"href":"https:\/\/www.graswurzel.net\/gwr\/wp-json\/wp\/v2\/product_brand?post=24942"},{"taxonomy":"product_cat","embeddable":true,"href":"https:\/\/www.graswurzel.net\/gwr\/wp-json\/wp\/v2\/product_cat?post=24942"},{"taxonomy":"product_tag","embeddable":true,"href":"https:\/\/www.graswurzel.net\/gwr\/wp-json\/wp\/v2\/product_tag?post=24942"}],"curies":[{"name":"wp","href":"https:\/\/api.w.org\/{rel}","templated":true}]}}