{"id":25933,"date":"2021-10-05T18:27:18","date_gmt":"2021-10-05T16:27:18","guid":{"rendered":"https:\/\/www.graswurzel.net\/gwr\/?post_type=product&#038;p=25933"},"modified":"2026-01-30T20:20:12","modified_gmt":"2026-01-30T18:20:12","slug":"gelebte-revolution","status":"publish","type":"product","link":"https:\/\/www.graswurzel.net\/gwr\/produkt\/gelebte-revolution\/","title":{"rendered":"Gelebte Revolution"},"content":{"rendered":"<p>James Horrox<\/p>\n<p><strong>Gelebte Revolution<\/strong><br \/>\nAnarchismus in der Kibbuzbewegung<\/p>\n<p>259 Seiten<br \/>\nISBN 978-3-939045-46-5<\/p>\n<p>26,80 Euro<\/p>\n<p>Die Studie von James Horrox umfasst 140 Jahre Geschichte der Kibbuzbewegung. Von der zweiten bis zur vierten j\u00fcdischen Einwanderungswelle in Pal\u00e4stina 1904 bis 1932 waren die Kibbuzim anarchistisch gepr\u00e4gt und stark von Kropotkins kommunistischem Anarchismus, Landauers Siedlungssozialismus und Bubers binationalem F\u00f6deralismus beeinflusst.<\/p>\n<p>Erst als die zionistisch-etatistische Str\u00f6mung von Ben-Gurion und Menachem Begin in der Kibbuzbewegung ab den End-Drei\u00dfigerjahren die Oberhand gewann, wurde der Anarchismus in den Kibbuzim zur\u00fcckgedr\u00e4ngt. Ganz erstarb er jedoch nie. Es kam nach reaktion\u00e4ren Phasen zu Formen der Renaissance, etwa ab den Neunzigerjahren in den urbanen Kibbuzim, als man sich der solidarischen Prinzipien der anarchistischen Fr\u00fchphase wieder erinnerte.<\/p>\n<p>Es gab Verbindungen zur j\u00fcngeren anarchistischen Bewegung in Israel, zu den neuen Kriegsdienstverweigerer*innen, zu \u00e4thiopisch-j\u00fcdischen Nachbarschaftsprojekten und sogar gemeinsame arabisch-j\u00fcdische Kibbuzim. Das Buch bringt verdr\u00e4ngte Geschichte zum Vorschein und deutet Perspektiven jenseits der latenten und manifesten Kriege der Gegenwart an.<\/p>\n<p>&nbsp;<\/p>\n","protected":false},"excerpt":{"rendered":"<p>Die Studie von James Horrox umfasst 140 Jahre Geschichte der Kibbuzbewegung. Bis Anfang der 1930er-Jahre waren die Kibbuzim anarchistisch gepr\u00e4gt. Erst als die zionistisch-etatistische Str\u00f6mung in der Kibbuzbewegung ab Ende der 1930er-Jahre die Oberhand gewann, wurde der Anarchismus in den Kibbuzim zur\u00fcckgedr\u00e4ngt. Ganz erstarb er jedoch nie. Das Buch bringt verdr\u00e4ngte Geschichte zum Vorschein und deutet Perspektiven jenseits der latenten und manifesten Kriege der Gegenwart an.<\/p>\n<hr \/>\n<p><span style=\"color: #800000\"><strong>Literadio Wien<\/strong><\/span><br \/>\nGespr\u00e4ch \u00fcber das Buch \u00bbGelebte Revolution\u00ab. <a href=\"https:\/\/literadio.org\/hoerbeitrag\/james-horrox-gelebte-revolution\/\" target=\"_blank\" rel=\"noopener\">Sendung starten \u2026<\/a><\/p>\n","protected":false},"featured_media":26039,"template":"","meta":{"slim_seo":{"title":"Gelebte Revolution - graswurzelrevolution","description":"Die Studie von James Horrox umfasst 140 Jahre Geschichte der Kibbuzbewegung. Bis Anfang der 1930er-Jahre waren die Kibbuzim anarchistisch gepr\u00e4gt. Erst als die"}},"product_brand":[],"product_cat":[923],"product_tag":[698,1548,1546,1547],"class_list":{"0":"post-25933","1":"product","2":"type-product","3":"status-publish","4":"has-post-thumbnail","6":"product_cat-buchverlag","7":"product_tag-anarchismus-2","8":"product_tag-israel","9":"product_tag-kibbuz","10":"product_tag-palaestina","12":"first","13":"instock","14":"taxable","15":"shipping-taxable","16":"purchasable","17":"product-type-simple"},"_links":{"self":[{"href":"https:\/\/www.graswurzel.net\/gwr\/wp-json\/wp\/v2\/product\/25933","targetHints":{"allow":["GET"]}}],"collection":[{"href":"https:\/\/www.graswurzel.net\/gwr\/wp-json\/wp\/v2\/product"}],"about":[{"href":"https:\/\/www.graswurzel.net\/gwr\/wp-json\/wp\/v2\/types\/product"}],"wp:featuredmedia":[{"embeddable":true,"href":"https:\/\/www.graswurzel.net\/gwr\/wp-json\/wp\/v2\/media\/26039"}],"wp:attachment":[{"href":"https:\/\/www.graswurzel.net\/gwr\/wp-json\/wp\/v2\/media?parent=25933"}],"wp:term":[{"taxonomy":"product_brand","embeddable":true,"href":"https:\/\/www.graswurzel.net\/gwr\/wp-json\/wp\/v2\/product_brand?post=25933"},{"taxonomy":"product_cat","embeddable":true,"href":"https:\/\/www.graswurzel.net\/gwr\/wp-json\/wp\/v2\/product_cat?post=25933"},{"taxonomy":"product_tag","embeddable":true,"href":"https:\/\/www.graswurzel.net\/gwr\/wp-json\/wp\/v2\/product_tag?post=25933"}],"curies":[{"name":"wp","href":"https:\/\/api.w.org\/{rel}","templated":true}]}}