{"id":30264,"date":"2023-09-28T13:17:39","date_gmt":"2023-09-28T11:17:39","guid":{"rendered":"https:\/\/www.graswurzel.net\/gwr\/?post_type=product&#038;p=30264"},"modified":"2026-01-30T20:15:26","modified_gmt":"2026-01-30T18:15:26","slug":"die-unverschaemte","status":"publish","type":"product","link":"https:\/\/www.graswurzel.net\/gwr\/produkt\/die-unverschaemte\/","title":{"rendered":"Die Unversch\u00e4mte"},"content":{"rendered":"<div><\/div>\n<div>\n<p class=\"Autoren\">Guillaume Gamblin (Hg.)<\/p>\n<\/div>\n<div>\n<p class=\"Haupttitel\"><strong>Die Unversch\u00e4mte<\/strong><\/p>\n<\/div>\n<div>\n<p class=\"Untertitelklein\">Gespr\u00e4che mit P\u0131nar Selek<\/p>\n<\/div>\n<div>\n<p class=\"Untertitelklein\">Aus dem Franz\u00f6sischen von Lou Marin<\/p>\n<div>\n<p class=\"ISBNklein\">228 S. | 22,90 Euro | ISBN 978-3-939045-50-2<\/p>\n<\/div>\n<\/div>\n<p>&nbsp;<\/p>\n<div>\n<p class=\"Brottext\">Die 1971 in Istanbul geborene P\u0131nar Selek wurde vor allem aufgrund der Repression der t\u00fcrkischen Justiz, der sie seit \u00fcber 20 Jahren ausgesetzt ist, bekannt. Guillaume Gamblin hat mit ihr intensive Gespr\u00e4che gef\u00fchrt. Sie beschreibt darin ihre Kindheit, ihre K\u00e4mpfe an der Seite der\u00a0Stra\u00dfenkinder Istanbuls, der Prostituierten, der Kurd:innen und Armenier:innen. Sie trug in den 1990er-Jahren zur Entstehung einer antimilitaristischen Bewegung in der T\u00fcrkei bei. P\u0131nar Selek erz\u00e4hlt aber auch von Folter und vom Gef\u00e4ngnis. Mit ihrer ansteckenden Energie schildert sie den Aufbau eines Ateliers f\u00fcr Stra\u00dfenk\u00fcnstler:innen und berichtet von einer feministischen Kooperative und einer Plattform f\u00fcr soziale \u00d6kologie. Sie lebt in Frankreich im Exil. Ihre Forschungen und ihr Engagement gelten grenz\u00fcberschreitenden sozialen K\u00e4mpfen und der \u00d6ffnung kreativer Wege in eine andere Gesellschaft. Der 2007 ermordete armenische Journalist Hrant Dink nannte sie liebevoll \u201edie Unversch\u00e4mte\u201c.<\/p>\n<\/div>\n","protected":false},"excerpt":{"rendered":"<p style=\"font-weight: 400\">P\u0131nar Selek wurde vor allem aufgrund der Repression der t\u00fcrkischen Justiz, der sie seit \u00fcber 20 Jahren ausgesetzt ist, bekannt. In dem Buch beschreibt sie ihre Kindheit, ihre K\u00e4mpfe an der Seite der\u00a0Stra\u00dfenkinder Istanbuls, der Prostituierten, der Kurd:innen und Armenier:innen. In den 1990er-Jahren trug sie zur Entstehung einer antimilitaristischen Bewegung in der T\u00fcrkei bei. P\u0131nar Selek erz\u00e4hlt aber auch von Folter und vom Gef\u00e4ngnis. Mit ihrer ansteckenden Energie schildert sie den Aufbau eines Ateliers f\u00fcr Stra\u00dfenk\u00fcnstler:innen und berichtet von einer feministischen Kooperative und einer Plattform f\u00fcr soziale \u00d6kologie. Sie lebt in Frankreich im Exil. Der 2007 ermordete armenische Journalist Hrant Dink nannte sie liebevoll \u201edie Unversch\u00e4mte\u201c.<\/p>\n","protected":false},"featured_media":32153,"template":"","meta":{"slim_seo":{"title":"Die Unversch\u00e4mte - graswurzelrevolution","description":"P\u0131nar Selek wurde vor allem aufgrund der Repression der t\u00fcrkischen Justiz, der sie seit \u00fcber 20 Jahren ausgesetzt ist, bekannt. In dem Buch beschreibt sie ihre"}},"product_brand":[],"product_cat":[923],"product_tag":[],"class_list":{"0":"post-30264","1":"product","2":"type-product","3":"status-publish","4":"has-post-thumbnail","6":"product_cat-buchverlag","8":"first","9":"instock","10":"taxable","11":"shipping-taxable","12":"purchasable","13":"product-type-simple"},"_links":{"self":[{"href":"https:\/\/www.graswurzel.net\/gwr\/wp-json\/wp\/v2\/product\/30264","targetHints":{"allow":["GET"]}}],"collection":[{"href":"https:\/\/www.graswurzel.net\/gwr\/wp-json\/wp\/v2\/product"}],"about":[{"href":"https:\/\/www.graswurzel.net\/gwr\/wp-json\/wp\/v2\/types\/product"}],"wp:featuredmedia":[{"embeddable":true,"href":"https:\/\/www.graswurzel.net\/gwr\/wp-json\/wp\/v2\/media\/32153"}],"wp:attachment":[{"href":"https:\/\/www.graswurzel.net\/gwr\/wp-json\/wp\/v2\/media?parent=30264"}],"wp:term":[{"taxonomy":"product_brand","embeddable":true,"href":"https:\/\/www.graswurzel.net\/gwr\/wp-json\/wp\/v2\/product_brand?post=30264"},{"taxonomy":"product_cat","embeddable":true,"href":"https:\/\/www.graswurzel.net\/gwr\/wp-json\/wp\/v2\/product_cat?post=30264"},{"taxonomy":"product_tag","embeddable":true,"href":"https:\/\/www.graswurzel.net\/gwr\/wp-json\/wp\/v2\/product_tag?post=30264"}],"curies":[{"name":"wp","href":"https:\/\/api.w.org\/{rel}","templated":true}]}}