{"id":33492,"date":"2025-08-22T18:01:05","date_gmt":"2025-08-22T16:01:05","guid":{"rendered":"https:\/\/www.graswurzel.net\/gwr\/?post_type=product&#038;p=33492"},"modified":"2026-04-07T13:38:31","modified_gmt":"2026-04-07T11:38:31","slug":"kriegsuntuechtigkeit-als-chance","status":"publish","type":"product","link":"https:\/\/www.graswurzel.net\/gwr\/produkt\/kriegsuntuechtigkeit-als-chance\/","title":{"rendered":"Kriegsunt\u00fcchtigkeit als Chance"},"content":{"rendered":"<p style=\"font-weight: 400\">Hermann Theisen (Hg.)<\/p>\n<p style=\"font-weight: 400\"><span style=\"color: #000000\"><strong>Kriegsuntu\u0308chtigkeit als Chance<\/strong><\/span><\/p>\n<p style=\"font-weight: 400\"><strong>Essays gegen den Krieg und fu\u0308r zivile Konfliktl\u00f6sung<\/strong><\/p>\n<p style=\"font-weight: 400\"><strong>Mit einem Geleitwort von Prof. Dr. Hartmut Rosa<\/strong><\/p>\n<p style=\"font-weight: 400\">Titelbild: The Disasters of War 47 von Gottfried Helnwein<\/p>\n<p style=\"font-weight: 400\"><strong><span style=\"color: #ff0000\">Soeben erschienen!<\/span><\/strong><\/p>\n<p style=\"font-weight: 400\">272 Seiten | 28,00 Euro | ISBN 978-3-939045-61-8<\/p>\n<p style=\"font-weight: 400\">Krieg und Kriegsgefahr bestimmen unsere Zeit, w\u00e4hrend die klimapolitischen Hiobsbotschaften kaum nachhaltige Folgen haben. In dieser Anthologie kommen Autor*innen aus sehr unterschiedlichen Disziplinen und Lebenswelten zu Wort. Sie gehen in ihren Essays der Frage nach, warum wir explizit kriegsuntu\u0308chtiges Denken und Handeln brauchen, um die Krisen unserer Zeit zu bew\u00e4ltigen. Was alle Autor*innen verbindet, ist die tiefe \u00dcberzeugung, dass Kriege nicht zu rechtfertigen sind und die globalen Probleme unserer Zeit nur auf zivile Weise verstanden und gel\u00f6st werden k\u00f6nnen, denn Louis Lecoins Kritik am Krieg gilt bis heute: \u201eSelbst wenn man mir beweisen wu\u0308rde, dass mein Ideal durch einen Krieg verwirklicht werden k\u00f6nnte, wu\u0308rde ich immer noch ,Nein\u2018 zum Krieg sagen. Denn man baut keine menschliche Gesellschaft auf Leichenbergen auf.\u201c<\/p>\n<p style=\"font-weight: 400\">\u201eIn einer Zeit, in der Gewalt wieder als vermeintlich legitimes Mittel erscheint, erinnert dieses Buch daran, dass eine friedliche und kooperative Weltordnung keine Illusion ist. Die Autorinnen und Autoren machen deutlich, dass Sicherheits- und Friedenspolitik mehr ist als Aufru\u0308stung und dass Diplomatie und zivile Formen der Konfliktl\u00f6sung wieder ins Zentrum politischen Denkens geh\u00f6ren. Ein notwendiger Gegenentwurf zu den gef\u00e4hrlichen Trends unserer Gegenwart.\u201c<br \/>\n<em>Dr. Rolf Mu\u0308tzenich<\/em><\/p>\n","protected":false},"excerpt":{"rendered":"<p><strong><span style=\"color: #ff0000\">Soeben erschienen!<\/span><\/strong><\/p>\n<p style=\"font-weight: 400\">In dieser Anthologie kommen Autor*innen aus sehr unterschiedlichen Disziplinen und Lebenswelten zu Wort. Sie gehen in ihren Essays der Frage nach, warum wir explizit kriegsuntu\u0308chtiges Denken und Handeln brauchen, um die Krisen unserer Zeit zu bew\u00e4ltigen.<\/p>\n","protected":false},"featured_media":33791,"template":"","meta":{"slim_seo":{"title":"Kriegsunt\u00fcchtigkeit als Chance - graswurzelrevolution","description":"Soeben erschienen! In dieser Anthologie kommen Autor*innen aus sehr unterschiedlichen Disziplinen und Lebenswelten zu Wort. Sie gehen in ihren Essays der Frage"}},"product_brand":[],"product_cat":[923],"product_tag":[],"class_list":{"0":"post-33492","1":"product","2":"type-product","3":"status-publish","4":"has-post-thumbnail","6":"product_cat-buchverlag","8":"first","9":"instock","10":"featured","11":"taxable","12":"shipping-taxable","13":"purchasable","14":"product-type-simple"},"_links":{"self":[{"href":"https:\/\/www.graswurzel.net\/gwr\/wp-json\/wp\/v2\/product\/33492","targetHints":{"allow":["GET"]}}],"collection":[{"href":"https:\/\/www.graswurzel.net\/gwr\/wp-json\/wp\/v2\/product"}],"about":[{"href":"https:\/\/www.graswurzel.net\/gwr\/wp-json\/wp\/v2\/types\/product"}],"wp:featuredmedia":[{"embeddable":true,"href":"https:\/\/www.graswurzel.net\/gwr\/wp-json\/wp\/v2\/media\/33791"}],"wp:attachment":[{"href":"https:\/\/www.graswurzel.net\/gwr\/wp-json\/wp\/v2\/media?parent=33492"}],"wp:term":[{"taxonomy":"product_brand","embeddable":true,"href":"https:\/\/www.graswurzel.net\/gwr\/wp-json\/wp\/v2\/product_brand?post=33492"},{"taxonomy":"product_cat","embeddable":true,"href":"https:\/\/www.graswurzel.net\/gwr\/wp-json\/wp\/v2\/product_cat?post=33492"},{"taxonomy":"product_tag","embeddable":true,"href":"https:\/\/www.graswurzel.net\/gwr\/wp-json\/wp\/v2\/product_tag?post=33492"}],"curies":[{"name":"wp","href":"https:\/\/api.w.org\/{rel}","templated":true}]}}